
Let b(w) = -11*w**2 - 2*w + 1. Let m(d) = -11*d**2 - 3*d + 1. Let x(l) = -4*b(l) + 3*m(l). Calculate x(-1).
11
Suppose 2 = -w - 2. Let d(h) = -4*h**3 + 2*h**2 - 13*h - 2. Let b(n) = n**3 - n**2 + 4*n + 1. Let c(t) = -7*b(t) - 2*d(t). Determine c(w).
-11
Let u = 24 + -25. Let m(v) = -5*v**3 - 2*v - 1. What is m(u)?
6
Let s be 10/3 - 1/3. Suppose s*w + 0*w = 6. Let o(c) = c**3 - 4*c**2. Give o(w).
-8
Let i(k) = k + 7. Let o be i(-12). Let d(x) = x - 1. Determine d(o).
-6
Let r(z) be the second derivative of -z**4/12 + z**3/3 + z**2 - 11*z. What is r(4)?
-6
Let v(f) = -1. Let l(x) = x**2 + 8*x - 8. Let s(p) = l(p) - 5*v(p). Determine s(-6).
-15
Let u be 2 + ((-2)/(-1) - 1). Let k(a) = -1 + 4 + 5*a**2 - 6*a**2. What is k(u)?
-6
Let p = 7 - 5. Let l(b) = -b**3 + 2 + 0 + 0*b - 3 - 2*b**p + b. Let d(k) = -k + 2. Let w be d(4). What is l(w)?
-3
Let v(k) be the second derivative of -k**4/12 - k**3/6 + k**2/2 - 2*k - 2. Let m = -1 + -1. Give v(m).
-1
Suppose 3*h + 2*y = 12, -2*h = -4*h + 5*y - 11. Let r(o) = -2*o**3 + 2*o**2 + o + 1. Give r(h).
-5
Suppose 0 = 3*n + 3*m + 9, 0 = 4*n - m + 4*m + 12. Let w be (-7)/(-3) + 2/3. Let y(s) = w*s - 2*s - 7 - 2*s. Determine y(n).
-4
Let s(i) = -i**3 + 6*i**2 + 5*i + 9. Let r be 5 - -1 - ((-3 - -4) + -2). Give s(r).
-5
Let v(n) = 14 - 11 + 3*n**2 - 2*n**2 - 7*n. Calculate v(7).
3
Let t(z) = z**2 - z - 1. Let n(w) = -3*w**2 - w + 4. Let o(l) = n(l) + 2*t(l). Suppose 2*d + 5*m - 11 = 0, -6*d + 4*d + 5*m - 19 = 0. Determine o(d).
4
Let c be 4/(-14) - (-18)/14. Let m(u) = u**3 - u**2 - 2. Let q be m(2). Let z(x) = x - q*x - 6*x + 1. What is z(c)?
-6
Let p(m) = m - 1. Let x = -25 + 23. What is p(x)?
-3
Let h be 1 - (-2 - 2)/1. Suppose 2*s + 23 = -0*s + h*g, -3*s - 5*g = -28. Let p(q) = -s + 1 - 4*q**2 + 1. Calculate p(-1).
-3
Let g(q) = -21*q + 19*q + q**2 + 1 + 9*q. Give g(-6).
-5
Let q(v) = -v**2 - v. Let k(x) = -x**3 - 2*x**2 - 4*x + 4. Let a(w) = k(w) - 6*q(w). Determine a(4).
12
Suppose -3*w + 8 - 17 = 0. Let f(q) = -q + 4 + 4*q**2 - q + q**3 - 3*q**2. Calculate f(w).
-8
Let q = -31 + 36. Let n(j) be the second derivative of j + 1/20*j**q + 1/3*j**3 + 0 - 1/4*j**4 - 2*j**2. Determine n(3).
2
Let x(o) = -10*o**3 - o**2 + 13*o - 6. Let p(t) = -7*t**3 - t**2 + 9*t - 4. Let l(b) = 7*p(b) - 5*x(b). Give l(3).
5
Let k(l) = -2*l - 1. Let u = -57 + 59. Determine k(u).
-5
Suppose -4*l + 5*u - 28 = u, 8 = -5*l - 4*u. Let f(g) be the first derivative of -2*g**2 - 6*g - 1. Give f(l).
10
Let s(o) = -o**3 - o - 2. Let h = -9 - -14. Suppose 0 = h*n - 4*n. Calculate s(n).
-2
Let w(f) = 6*f**3 - 4*f**2 - 5*f + 6. Let b(k) = -5*k**3 + 4*k**2 + 5*k - 6. Let l(x) = 5*b(x) + 4*w(x). Determine l(5).
-6
Let i(z) = -z**3 + 6*z**2 - 4. Let r be 2/10 - (-87)/15. What is i(r)?
-4
Let h(w) = -w**2 + 2*w - 1. Let c = 17 + -11. Let x = -5 + c. What is h(x)?
0
Let c(i) be the first derivative of 1 - 1/2*i**2 - 7*i. What is c(-5)?
-2
Let w(k) be the third derivative of k**6/120 - k**5/60 - k**4/12 - k**3/6 + 2*k**2. Suppose -50 = -2*g - 0*g. Let l be 15/g + 16/(-10). Calculate w(l).
-1
Let a(v) = v - 2. Let w = 4 - 8. Let t be (w - -7)*2/(-6). Let u = 6 + t. Calculate a(u).
3
Let o(m) = m**2 - 2*m - 3. Let x(l) = l**3 - 17*l**2 - l + 21. Let n be x(17). Determine o(n).
5
Let p(i) = -i**2 + 3*i + 5. Let g(r) = -3*r + 1. Let l be g(3). Let y = l + 13. Give p(y).
-5
Let r(y) = -4*y - y + 8 + 3*y + 4. Let k(l) = -1. Let q(p) = 4*k(p) + r(p). Determine q(6).
-4
Suppose l + 2 - 4 = 0. Let m(s) = 0*s - 4*s**3 - 1 - l*s**2 + 3*s**3 + 2*s. Let b be -4 - -2 - (-2 - 1). Give m(b).
-2
Suppose 2*g - 2 = 5*a + 2, -a = 2*g - 16. Suppose y = -0*y + g. Let w(j) = -j**2 - 1 + 2 + y*j**2. What is w(-1)?
7
Let k(m) = 2*m - 4. Let i be k(4). Let q(d) = -i*d + 5*d - 3 + 4*d. Calculate q(3).
12
Let g(r) = -r + 3*r + 5 + r. Let j(p) = -4 + 2*p - p**2 - 3*p + 2*p + 4*p. Let s be j(5). Calculate g(s).
-7
Let a(j) = -3*j + 13*j**2 + 2 + 5*j**2 - 19*j**2. What is a(-3)?
2
Let v be 671/99 - 2/(-9). Let u be v + (-2 - 1) + 3. Let i(r) = r - 5. Calculate i(u).
2
Let j(f) = -4*f**2 + 4*f + 2. Let u(t) = -7*t**2 + 8*t + 4. Let g(b) = -5*j(b) + 3*u(b). Calculate g(6).
-10
Let v(c) = -c**3 + 4*c**2 + 2*c - 5. Let m be (-54)/(-15) - (-6)/15. What is v(m)?
3
Suppose 0 = -p - 10*p + 77. Let y(v) = v - 10. Give y(p).
-3
Let z(d) = d**2 - d - 2. Let g be z(-2). Let p = g - 1. Let w(v) = v**2 - v - 2. Determine w(p).
4
Suppose 5*l + 3 = -4*t, -2*t = 5*l + 3*t. Let v(x) be the second derivative of -5/6*x**3 - 1/12*x**4 + 0 - x**2 - 3*x. Calculate v(l).
4
Let n(m) = m**3 - 4*m**2 + 4*m - 1. Let f(g) = g + 7. Let j be f(-12). Let a(k) = -k + 7. Let h be a(j). Let x be (3 - 45/h)*-4. What is n(x)?
2
Let h = -42 + 39. Let m(t) = -4*t - 2. Determine m(h).
10
Suppose 3*v - 4*n + 10 = 0, -4*v + 2*n - 10 = -0*n. Let z(w) = w**3 + 5*w**2 + 2*w - 2. What is z(v)?
6
Let p(c) = c**3 + c**2 - c - 4. Let x = 0 + 0. Calculate p(x).
-4
Let q(y) be the second derivative of -y**4/12 + 7*y**3/6 - 3*y**2 - 3*y. Let a be q(7). Let n(c) = -c**2 - 7*c - 4. Determine n(a).
2
Let h(z) = -5*z**2 + 0 - 6*z**2 + 14*z**2 + 3 - z**3 - 2*z. What is h(2)?
3
Let s(u) = -6 - 21*u - 6 + 13 + 26*u. What is s(1)?
6
Let x(n) be the second derivative of n**6/360 - n**5/20 - n**4/8 - n**3/6 + 3*n. Let c(b) be the second derivative of x(b). Calculate c(4).
-11
Let z(u) = -u**2 + 4*u - 3. Let f = -16 - -36. Suppose f = -5*a + 10*a. Determine z(a).
-3
Let j(q) = q. Let v(u) be the second derivative of -2*u**3/3 + 3*u**2/2 - u. Suppose 0 - 2 = -z + a, 6 = 3*z + 4*a. Let p be v(z). What is j(p)?
-5
Suppose 2*q = 2*n + 3*q - 9, -3*n + 3*q = 0. Suppose 0 = n*a - 15. Let d(z) = 2*z - 3. Determine d(a).
7
Let l be (3 + (2 - 3))*-2. Let o(n) = -2*n - 2. Let u(q) = -2*q - 1. Let v(m) = -4*o(m) + 3*u(m). Calculate v(l).
-3
Let z(i) = 6*i**2 - 6. Let u(d) = -d**2 + 1. Let k(q) = 11*u(q) + 2*z(q). Suppose 6 = -4*o - 2*c, 0 = -0*o - 4*o - 4*c + 4. Let y = o - -5. Determine k(y).
0
Suppose 2*m + 5 - 13 = 0. Let g = -5 + m. Let o(b) = 3*b**2 + 1. Calculate o(g).
4
Let v(c) be the third derivative of c**5/60 + c**4/24 - 12*c**2. Give v(-1).
0
Suppose 4*b + 2*j = 38, -3*b - 5*j - 23 = -69. Let h(m) = -m**2 + 8*m - 6. Determine h(b).
1
Let q(d) = -d**2 - 5*d. Let i = -9 + 4. Let f = 1 - 1. Let u be ((-1 + f)*i)/(-1). What is q(u)?
0
Let s(u) = -u**3 + 5*u**2 - 2*u. Let y = 19 + -19. Suppose 3*g = -5*k - 5, k + y*k = -5*g - 23. Give s(k).
8
Let c(i) = -i**2 - 6*i + 2. Let v = 11 - 6. Let r = 2 - v. Give c(r).
11
Let j = -7 - -9. Let o(z) = z**2 + 5*z - 5. Let h(y) = -5*y**2 - 21*y + 21. Let t(p) = 2*h(p) + 9*o(p). Calculate t(j).
-1
Let x(g) = 0 + 2*g + 0 + 0 + 6*g**2 + 3 - 4. Let m be (-4)/6 + 10/6. Give x(m).
7
Let c(r) = -14*r**3 + 3*r**2 + 5*r + 1. Let b(a) = 13*a**3 - 2*a**2 - 4*a - 1. Let d(w) = -5*b(w) - 4*c(w). Determine d(1).
-10
Let l(b) = -b - 2. Let d(k) = k + 1. Let i(u) = 5*d(u) + 2*l(u). Give i(2).
7
Let x(f) be the third derivative of f**4/4 - f**3/6 + f**2. Let b = 37 - 36. What is x(b)?
5
Let g(i) = -2*i**2 + 4*i - 5. Let q(n) = -n**2 + 3*n - 4. Let f(z) = 4*g(z) - 5*q(z). Determine f(1).
-2
Let m be 21/(-2)*(-14)/21. Let f = 4 - m. Let a(c) = c**3 + 2*c**2 - 5*c - 2. What is a(f)?
4
Suppose 6*m - 8*m = 0. Suppose -c - l - 8 = 0, 5*l + 20 = -c - m*l. Let b(p) = 2*p + 3. Determine b(c).
-7
Let b(v) = -v**2 - 3 - 8*v**3 - v + 3*v**3 + 4*v**3. What is b(0)?
-3
Let h(m) be the first derivative of m**5/24 - m**4/8 + m**3 + 6. Let x(w) be the third derivative of h(w). What is x(3)?
12
Let p(b) = b**2 + 10*b - 15. Suppose -17*s = -18*s - 11. Determine p(s).
-4
Let d(s) = -5*s**3 - 18*s**2 + 5*s + 21. Let p(u) = -3*u**3 - 12*u**2 + 3*u + 14. Let l(g) = 5*d(g) - 8*p(g). Determine l(6).
-1
Let a(s) = 7*s**2 - s. Let c = -3 - 0. Suppose -2*p + 0*p = 8. Let f = c - p. Give a(f).
6
Suppose -b + 4*m - 3 = -14, -2*b + 2*m = -10. Let c(z) = -b + 3*z + 12*z**3 - 8*z**3 + 2 - 4*z. What is c(-1)?
-4
Let d(m) be the first derivative of 6 - 1/4*m**4 - 3*m - 1/3*m**3 - 1/2*m**2. Let k be 0*(1 - 2/4). Determine d(k).
-3
Let t(u) = -u**2 + 12*u + 1. Let j be t(12). Let z(d) = j - 6*d**2 - 2*d + d - d**3 - 6. Let a be z(-6). Let o(b) = -10*b**3 + 1. What is o(a)?
-9
Let u be (3/1)/(-3 + 4). Suppose -g + 2 = -b + 4, -5*b + 50 = u*g. Let o(k) = -k**